{"id":8,"date":"2019-04-17T16:20:16","date_gmt":"2019-04-17T14:20:16","guid":{"rendered":"http:\/\/lacksys.com\/?page_id=8"},"modified":"2022-02-10T06:46:24","modified_gmt":"2022-02-10T05:46:24","slug":"accueil","status":"publish","type":"page","link":"https:\/\/lacksys.com\/","title":{"rendered":"Accueil"},"content":{"rendered":"<p>Bienvenue chez LACKSYS.<\/p>\n<p>Nous avons fond\u00e9 cette entreprise afin de r\u00e9pondre aux besoins des entreprises dans le cadre des disciplines suivantes :<\/p>\n<ul>\n<li>Audit et conseil \u00e0 propos des architectures dans le cloud (AWS-GCP-AZURE)<\/li>\n<li>Supervision et haute disponibilit\u00e9 des plateformes Web et mobiles.<\/li>\n<li>Formation, conseil et assistance pour l&#8217;exploitation et la migration vers le cloud :\n<ul>\n<li>Gestion des services ovh.<\/li>\n<li>Gestion des services aws.<\/li>\n<li>Gestion des services GCP.<\/li>\n<li>Digital OCEAN.<\/li>\n<\/ul>\n<\/li>\n<li>Administration et tuning des syst\u00e8mes Linux et des Base de donn\u00e9es (Oracle, PostreSQL, MySQL, MongoDB, Cassandra).<\/li>\n<li>Conseil DEVOPS :\n<ul>\n<li>Strat\u00e9gie DEVOPS<\/li>\n<li>Int\u00e9gration continue<\/li>\n<li>D\u00e9ploiement et d\u00e9veloppement continus<\/li>\n<li>Cloud DEVOPS.<\/li>\n<\/ul>\n<\/li>\n<li>Mise en place des workflow de d\u00e9veloppement et de d\u00e9ploiement.<\/li>\n<li>Test et qualit\u00e9 logicielle :\n<ul>\n<li>Formation sur les activit\u00e9s de test logiciel (Fondamentaux, Test manuel, test agile, test automatique, test mobile).<\/li>\n<li>Monter des \u00e9quipes de test logiciel.<\/li>\n<li>Int\u00e9gration des activit\u00e9s de test logiciel dans le cycle de d\u00e9veloppement logiciel.<\/li>\n<li>Mise en place des outils de gestion et d&#8217;ex\u00e9cution des tests dans toutes les phases du SDLC.<\/li>\n<\/ul>\n<\/li>\n<li>Assistance et coaching des \u00e9quipes de d\u00e9veloppement et de maintenance.<\/li>\n<li>D\u00e9veloppement des applications web et mobiles.<\/li>\n<\/ul>\n","protected":false},"excerpt":{"rendered":"<p>Bienvenue chez LACKSYS. Nous avons fond\u00e9 cette entreprise afin de r\u00e9pondre aux besoins des entreprises dans le cadre des disciplines suivantes : Audit et conseil \u00e0 propos des architectures dans le cloud (AWS-GCP-AZURE) Supervision et haute disponibilit\u00e9 des plateformes Web et mobiles. Formation, conseil et assistance pour l&#8217;exploitation et la migration vers le cloud : &hellip; <\/p>\n<p class=\"link-more\"><a href=\"https:\/\/lacksys.com\/\" class=\"more-link\">Continue reading<span class=\"screen-reader-text\"> &#8220;Accueil&#8221;<\/span><\/a><\/p>\n","protected":false},"author":1,"featured_media":0,"parent":0,"menu_order":0,"comment_status":"closed","ping_status":"closed","template":"","meta":[],"_links":{"self":[{"href":"https:\/\/lacksys.com\/index.php\/wp-json\/wp\/v2\/pages\/8"}],"collection":[{"href":"https:\/\/lacksys.com\/index.php\/wp-json\/wp\/v2\/pages"}],"about":[{"href":"https:\/\/lacksys.com\/index.php\/wp-json\/wp\/v2\/types\/page"}],"author":[{"embeddable":true,"href":"https:\/\/lacksys.com\/index.php\/wp-json\/wp\/v2\/users\/1"}],"replies":[{"embeddable":true,"href":"https:\/\/lacksys.com\/index.php\/wp-json\/wp\/v2\/comments?post=8"}],"version-history":[{"count":4,"href":"https:\/\/lacksys.com\/index.php\/wp-json\/wp\/v2\/pages\/8\/revisions"}],"predecessor-version":[{"id":60,"href":"https:\/\/lacksys.com\/index.php\/wp-json\/wp\/v2\/pages\/8\/revisions\/60"}],"wp:attachment":[{"href":"https:\/\/lacksys.com\/index.php\/wp-json\/wp\/v2\/media?parent=8"}],"curies":[{"name":"wp","href":"https:\/\/api.w.org\/{rel}","templated":true}]}}